n + 3*n = -4. Let u = n + 33. What are the prime factors of u?
2, 17
Suppose 0 = -b - 2*x + 2034, 2331 = 4*b - 4*x - 5745. List the prime factors of b.
2, 11, 23
Let n(o) = 1019*o + 6. What are the prime factors of n(3)?
3, 1021
Let a = 7 - 3. Suppose 0 = a*h - 91 - 77. What are the prime factors of h?
2, 3, 7
Suppose -5*h + 25 = 0, -687 = -2*c + 2*h + 333. What are the prime factors of c?
5, 103
Let h = 64 - 64. What are the prime factors of h - -4 - (-11 + -11)?
2, 13
What are the prime factors of ((-2)/6)/(40/(-183720))?
1531
Let i(k) = 17*k - 3. Let s be i(-4). What are the prime factors of 2*(-1 + 1 + -4 - s)?
2, 67
Suppose -3*i + 17 = -2*a, -i - 3*a - 1 = 8. Let g be i*4*(-3)/18. List the prime factors of 42 + g/(-2)*0.
2, 3, 7
Let t(k) = 31*k**2 + 7. Let r be t(-3). Suppose -2*q = 3*c - q - r, -2*q = -8. Let f = 133 - c. List the prime factors of f.
3, 13
Suppose 0 = -5*b + s + 345, 0*s - 141 = -2*b + s. Let d = b + 21. Suppose -2*r + 3*u + d + 17 = 0, 0 = r + u - 58. What are the prime factors of r?
2, 7
Let r(y) = 14 + 6*y - 3 - 11*y + 6*y. Let m be r(-4). Let l(u) = -u**3 + 7*u**2 + 6*u + 12. What are the prime factors of l(m)?
2, 3
Suppose 11*b - 47 = 10*b. List the prime factors of b.
47
Let h be (-4)/(((-4)/(-6))/(-1)). Let q be (-63)/(-27) - 2/h. Let f = q - -4. What are the prime factors of f?
2, 3
Let a(y) = -9*y + 1. Let b be a(-1). Suppose -i - x = -4*x - 6, -i + b = x. Let k = -4 + i. List the prime factors of k.
5
Let v = 21 + 30. Suppose -4*g + 369 = 3*p, -2*p - 2*g + 193 = -v. What are the prime factors of p?
7, 17
Let k(q) = 10*q**2 + 10*q - 128. What are the prime factors of k(-18)?
2, 733
Let k(j) = 1 + 2*j + 20*j**2 - 4*j**2 + 5*j**2. Let t be k(-1). Suppose -2*n + t = -22. List the prime factors of n.
3, 7
Let a(p) = p**3 + 10*p**2 - 3*p + 4. Let x be a(-9). Let c = 189 - x. Suppose 5*k - 38 = c. List the prime factors of k.
23
Suppose 81*r - 75*r = 888. List the prime factors of r.
2, 37
Suppose -2 = -2*k + 6. Let p = -51 + 59. List the prime factors of (p/k)/6*75.
5
Let m = 15 + -3. Suppose 0 = -2*y + 50 + 6. Let s = y - m. What are the prime factors of s?
2
Suppose 9*d = 53 - 8. Suppose 353 = d*n - 392. What are the prime factors of n?
149
Suppose 0 = 8*f - 90 - 5686. List the prime factors of f.
2, 19
Let o be (3 - (-34)/(-10))*-5. Suppose l = j + 46, -o*l = -7*l + 3*j + 228. What are the prime factors of l?
3, 5
List the prime factors of (-6040)/16*78/(-15).
13, 151
Suppose 0 = -4*y + 68 + 12. Let i be (-13)/(78/80) + (-6)/(-18). Let l = i + y. List the prime factors of l.
7
What are the prime factors of 20/(-3)*(14 - (168 + 5))?
2, 5, 53
Let t be 6 - (-1)/1*-1. Suppose -18 = 5*o - 2*m, -t*m - 21 = 3*o + o. What are the prime factors of (o + -1)*(-4)/10?
2
Let r be 9/27 + 61/(-3). Let j = -23 - r. What are the prime factors of (-4)/(-4) - (j - 15)?
19
Suppose -7*d + 40 = -2*d. Suppose 0 = -2*a - d + 40. Suppose z = -3*z + a, 5*z - 150 = -5*m. What are the prime factors of m?
2, 13
Suppose -3*r = 2*w - 2387, r - w = 3*w + 791. Suppose -24*i = -19*i - r. What are the prime factors of i?
3, 53
Let l(k) = -11*k + 189. What are the prime factors of l(-6)?
3, 5, 17
Let j = -457 + 1576. List the prime factors of j.
3, 373
Let t(f) = -f**2 - 3*f + 1. Let r be t(-3). Let q be (62 - 10) + r + -2. Suppose -q = -3*s - 3. List the prime factors of s.
2
Suppose 55 + 29 = 2*a. Suppose -2*o - o = -a. List the prime factors of o.
2, 7
Let n = 474 - 147. Suppose -3*m + 156 = -n. What are the prime factors of m?
7, 23
Suppose j + 0*j - 18 = 0. Let s be j/99 - 106/(-22). Suppose -2*r - 6*l + 40 = -l, -s*l - 20 = -2*r. List the prime factors of r.
3, 5
Let r be 15/(-6)*(-6)/5. Let n be (-5)/(-15) - (-11)/r. Suppose n*s - 53 = 3*u, 14 + 25 = 2*s + u. What are the prime factors of s?
17
Suppose -4*j = 2*j - 1932. Suppose -y - 67 = -m, -4*m + j - 64 = y. List the prime factors of m.
5, 13
Let r = -13 + 17. Suppose 0 = -r*n + 3*z + 16, -3*n = -0*z - 2*z - 13. Let d(l) = 2*l + 2. What are the prime factors of d(n)?
2
Suppose 12*s - 258 = 726. List the prime factors of s.
2, 41
Let v(f) be the first derivative of -3*f**4/4 - 2*f**3/3 - 4*f - 10. Let y be v(-2). Suppose -y = r - 3*r. List the prime factors of r.
2, 3
Suppose -2*b = 5*k + 2, -4*b - k + 6 = 4*k. Let g = -73 - -80. Suppose j + 5*x - g = 0, -28 = -b*j + 4*x + 24. List the prime factors of j.
2, 3
Suppose 0*g + 5*g = 770. Let w be (-8)/6*9/(-3). Suppose w*s - g = 14. What are the prime factors of s?
2, 3, 7
Suppose -5*c + 3863 = 3*v, -3*v + 3*c + 3835 = c. What are the prime factors of v?
3, 7, 61
Suppose -5*d = -10, -12*d - 1466 = -2*n - 16*d. What are the prime factors of n?
3
Let a(l) = l**2 - l + 5. Let t be a(0). Suppose t*j - 35 = -5*n, -5*n + 41 - 4 = 3*j. List the prime factors of n.
2
Let y(m) = 11*m + 90. Let b be y(-8). Suppose -v = 2*v - 12. Suppose 9 = k - b*f - 5, -2*f = -v*k + 44. List the prime factors of k.
2, 5
Let m(h) = 20*h + 10. Let g be m(12). List the prime factors of g/20*(-24)/(-5).
2, 3, 5
List the prime factors of (-5)/(-1)*(-42086)/(-110).
1913
Suppose 23*c - 30 = 18*c. What are the prime factors of c?
2, 3
List the prime factors of 1836/45*100/4.
2, 3, 5, 17
Let y be (-658)/(-10) - 17/(-85). Suppose 5*a - 3*a = -3*o + y, 0 = 3*o + 3*a - 63. List the prime factors of o.
2, 3
Suppose -10*m = -12*m + 20. What are the prime factors of (m/15)/((-4)/(-504))?
2, 3, 7
Let g be -5 - (-3)/(-2)*-2. Let w be -3 - (-6)/2*g. List the prime factors of (40/12)/((-1)/w).
2, 3, 5
Let p(f) = 22 + 6*f**3 - 6*f**3 + f**3 + 2*f. List the prime factors of p(0).
2, 11
Let m(c) = 2*c**3 - 2*c**2. Let h be m(2). Suppose 3*f = -4 - h. Let j = 18 + f. List the prime factors of j.
2, 7
Let t = 813 - 120. Suppose -3*y - 7*b + 675 = -12*b, -b = 3*y - t. What are the prime factors of y?
2, 5, 23
List the prime factors of (-6 + 2)/(((-28)/(-4907))/(-4)).
2, 701
Suppose -26 = -3*b - 5*t, 2*b - 10 - 14 = -2*t. Let n = b + 45. List the prime factors of n.
2, 31
Suppose 6 - 2 = n. Let k be n + (1 - (-4 + 7)). Suppose f + k = 44. What are the prime factors of f?
2, 3, 7
Let i(t) be the second derivative of -t**4/12 + 8*t**3/3 + 2*t**2 - t. Suppose 25*b - o = 23*b + 29, 5*b = 5*o + 80. List the prime factors of i(b).
43
Suppose 63 = 2*b - 93. Suppose 2*l + 68 - 296 = 0. Suppose 4*g - b = l. What are the prime factors of g?
2, 3
Suppose 6 = -y - y - 4*v, 4*v = -3*y - 3. Let r(x) = -6 + 6*x - 5*x**2 + 3*x**2 - 3*x**2 - x**y. List the prime factors of r(-7).
2, 5
Suppose h + 476 = 5*m - h, -5*m + h + 478 = 0. List the prime factors of -4 - m/(-3 - -2).
2, 23
Let v(t) = t**2 - 11*t + 12. Let q be v(10). Suppose 3*p - 4*p - 1 = r, -3*r + 17 = -q*p. Let j(o) = o**2 - 2*o + 1. What are the prime factors of j(r)?
2
Suppose 3*r - 259 - 1016 = 0. Suppose -6*h + r = -943. What are the prime factors of h?
2, 3, 19
Suppose -56181 - 7138 = -23*p. List the prime factors of p.
2753
Suppose 0*d + 2*d - 1744 = -2*z, 2*d = -4*z + 1742. List the prime factors of d.
3, 97
What are the prime factors of (771/(-24))/((-13)/104)?
257
Let o(n) = 169*n**2 + n + 16. What are the prime factors of o(-4)?
2, 7, 97
Suppose -2*o = -2*r + 1720, 4315 = 2*r + 3*r - 2*o. List the prime factors of r.
5, 173
Let k = 3 - 1. Suppose 290*m = 295*m. What are the prime factors of (18 - (m + 0)) + k?
2, 5
Suppose 12*n - 7283 + 1247 = 0. List the prime factors of n.
503
Let d(r) = -16*r**2 + 24*r**2 - 2*r + 1 + 13*r**2. Let x be d(1). Suppose x = -4*w + 8*w. What are the prime factors of w?
5
Let n be (-223)/(-5) + 24/60. Suppose 2*j = 61 + n. What are the prime factors of j?
53
Let q(f) = -26*f**3 + f**2 + 3*f + 2. Let r = -27 - -26. What are the prime factors of q(r)?
2, 13
Suppose 76 = n - 95. Suppose -5*y - 4*m = -3*m - n, 156 = 4*y - 4*m. What are the prime factors of y?
5, 7
Let f = -33 - -80. Let x = f + 52. List the prime factors of x.
3, 11
Let c(l) = 202*l + 288. List the prime factors of c(12).
2, 3, 113
Suppose -3*j = j + 2*b - 626, 316 = 2*j + 4*b. What are the prime factors of j?
2, 3, 13
List the prime factors of 0 + 6/(-12) - 4090/(-4).
2, 7, 73
Let k(b) = b + 8. What are the prime factors of k(-6)?
2
Suppose -u - 3*p + 4 = -1, -2*u = -4*p. Suppose 192 = u*f + f. Let s = f - 31. List the prime factors of s.
3, 